176?
68
Calculate the highest common divisor of 209 and 44.
11
Calculate the highest common divisor of 2151 and 117.
9
What is the greatest common divisor of 42 and 78?
6
What is the highest common divisor of 36 and 1116?
36
Calculate the highest common divisor of 189 and 14364.
189
What is the highest common factor of 12 and 9276?
12
What is the highest common divisor of 848 and 48?
16
Calculate the highest common factor of 1132 and 10471.
283
What is the greatest common divisor of 19 and 3439?
19
What is the highest common divisor of 3 and 294?
3
What is the greatest common factor of 112 and 2576?
112
Calculate the highest common factor of 370 and 110.
10
What is the highest common factor of 122 and 305?
61
What is the highest common divisor of 17 and 323?
17
Calculate the greatest common factor of 847 and 7744.
121
What is the greatest common divisor of 148 and 814?
74
What is the greatest common factor of 50 and 21925?
25
Calculate the greatest common factor of 24 and 120.
24
What is the greatest common divisor of 286 and 182?
26
What is the greatest common divisor of 1507 and 411?
137
What is the highest common factor of 54 and 1242?
54
What is the greatest common factor of 1760 and 640?
160
What is the highest common divisor of 18 and 456?
6
Calculate the greatest common divisor of 212 and 4134.
106
What is the greatest common factor of 47 and 38352?
47
What is the highest common divisor of 117 and 72?
9
Calculate the greatest common factor of 4 and 44.
4
What is the greatest common divisor of 99 and 77?
11
What is the highest common factor of 369 and 153?
9
Calculate the highest common factor of 4 and 1402.
2
Calculate the greatest common factor of 16 and 464.
16
Calculate the highest common factor of 85 and 935.
85
What is the greatest common factor of 13926 and 132?
66
Calculate the greatest common divisor of 1350 and 50.
50
What is the highest common factor of 1952 and 6?
2
What is the highest common factor of 93 and 6?
3
What is the greatest common factor of 118762 and 238?
238
Calculate the highest common divisor of 50182 and 22.
22
Calculate the highest common divisor of 380 and 25.
5
Calculate the greatest common divisor of 153 and 1513.
17
Calculate the greatest common factor of 522 and 72.
18
Calculate the highest common factor of 176 and 1386.
22
Calculate the highest common factor of 16 and 216.
8
Calculate the greatest common factor of 80 and 376.
8
Calculate the greatest common factor of 75 and 25.
25
What is the greatest common divisor of 4 and 62?
2
What is the greatest common factor of 65 and 13?
13
Calculate the greatest common divisor of 60 and 305.
5
Calculate the highest common divisor of 11 and 77.
11
Calculate the greatest common factor of 32 and 164.
4
Calculate the greatest common divisor of 32768 and 32.
32
What is the greatest common factor of 1320 and 45?
15
What is the greatest common divisor of 72 and 90?
18
Calculate the greatest common divisor of 532 and 3572.
76
Calculate the highest common factor of 424 and 584.
8
Calculate the highest common factor of 2928 and 12.
12
What is the highest common factor of 468 and 216?
36
What is the greatest common divisor of 72 and 468?
36
What is the greatest common divisor of 30 and 315?
15
Calculate the greatest common factor of 145 and 87.
29
What is the greatest common divisor of 189 and 27468?
63
What is the highest common factor of 22 and 7942?
22
What is the highest common factor of 522 and 58?
58
Calculate the highest common factor of 60 and 45.
15
Calculate the greatest common factor of 351 and 8307.
117
What is the greatest common divisor of 306 and 144?
18
Calculate the highest common factor of 5140 and 40.
20
What is the greatest common divisor of 152 and 48?
8
What is the highest common factor of 11 and 143?
11
Calculate the greatest common factor of 45 and 909.
9
Calculate the greatest common divisor of 816 and 16524.
204
Calculate the highest common divisor of 20 and 435.
5
What is the highest common divisor of 1978 and 92?
46
Calculate the highest common divisor of 67 and 2077.
67
What is the greatest common divisor of 189 and 42?
21
Calculate the highest common factor of 51 and 9.
3
Calculate the greatest common factor of 108 and 396.
36
Calculate the highest common factor of 3 and 309.
3
What is the highest common divisor of 4 and 76?
4
Calculate the greatest common divisor of 280 and 50.
10
Calculate the greatest common factor of 16 and 824.
8
What is the highest common factor of 294 and 28?
14
What is the greatest common factor of 4075 and 175?
25
What is the greatest common divisor of 22 and 50?
2
What is the greatest common divisor of 32407 and 23?
23
Calculate the greatest common factor of 44 and 198.
22
Calculate the highest common divisor of 18 and 9.
9
What is the greatest common factor of 19 and 1?
1
What is the greatest common factor of 12 and 774?
6
Calculate the highest common factor of 30 and 1210.
10
What is the greatest common divisor of 48 and 276?
12
What is the greatest common divisor of 80 and 160?
80
What is the greatest common factor of 697 and 41?
41
What is the highest common factor of 35 and 90?
5
Calculate the highest common divisor of 1045 and 95.
95
Calculate the greatest common divisor of 35 and 63.
7
What is the greatest common divisor of 15912 and 104?
104
What is the highest common factor of 147 and 3?
3
What is the greatest common divisor of 172 and 473?
43
Calculate the greatest common divisor of 3933 and 207.
207
What is the greatest common factor of 171 and 261?
9
What is the greatest common divisor of 432 and 486?
54
What is the highest common divisor of 19 and 9196?
19
What is the greatest common divisor of 539 and 99?
11
What is the greatest common factor of 494 and 104?
26
Calculate the greatest common divisor of 1645 and 470.
235
Calculate the highest common divisor of 68 and 232.
4
What is the greatest common factor of 27 and 189?
27
What is the greatest common factor of 182 and 130?
26
Calculate the greatest common divisor of 288 and 480.
96
What is the highest common divisor of 4556 and 536?
268
Calculate the highest common factor of 1 and 683.
1
Calculate the highest common factor of 12 and 972.
12
What is the highest common divisor of 48 and 351?
3
Calculate the highest common factor of 64 and 268.
4
Calculate the greatest common factor of 160 and 16.
16
Calculate the highest common factor of 15 and 135.
15
What is the greatest common divisor of 418 and 38?
38
What is the greatest common factor of 54 and 1782?
54
Calculate the greatest common factor of 20 and 1180.
20
What is the highest common divisor of 531 and 9?
9
Calculate the highest common divisor of 81 and 63.
9
What is the greatest common factor of 8128 and 127?
127
Calculate the highest common factor of 75 and 2505.
15
What is the greatest common factor of 208 and 32812?
52
What is the greatest common divisor of 704 and 5192?
88
What is the greatest common divisor of 3 and 3315?
3
Calculate the highest common factor of 318 and 6.
6
What is the highest common factor of 1674 and 2666?
62
What is the highest common factor of 105 and 777?
21
What is the highest common factor of 980 and 882?
98
Calculate the greatest common factor of 48 and 272.
16
Calculate the greatest common divisor of 70 and 20.
10
Calculate the highest common divisor of 110 and 120.
10
Calculate the greatest common factor of 46 and 4646.
46
Calculate the greatest common divisor of 1976 and 152.
152
What is the highest common divisor of 495 and 297?
99
Calculate the greatest common divisor of 322 and 138.
46
What is the greatest common divisor of 20189 and 13?
13
What is the highest common factor of 10980 and 40?
20
Calculate the greatest common factor of 44 and 10032.
44
What is the highest common divisor of 65 and 104?
13
Calculate the highest common factor of 2625 and 21.
21
What is the greatest common divisor of 100 and 100?
100
What is the highest common factor of 2756 and 65?
13
What is the greatest common divisor of 18 and 1278?
18
What is the highest common divisor of 264 and 11?
11
Calculate the highest common divisor of 3657 and 69.
69
Calculate the greatest common factor of 81 and 1647.
27
Calculate the greatest common factor of 466 and 2.
2
Calculate the highest com